. What is the tens digit of (-238)/51*33/u?
7
Suppose 892702 = 40*r + 80542. What is the ten thousands digit of r?
2
Suppose -3*w = -3, 2*g + 15 = 7*g - 5*w. Suppose 3*q = r + 1600, 0 = -g*q - 5*r + 2898 - 733. What is the units digit of q?
5
Suppose 4*q = -2*s - 138, 3*s + 185 = -5*q - 2*s. Let a = -27 - q. Suppose 0 = -2*k + 3*w + 2, -k + a*k + 2*w - 36 = 0. What is the units digit of k?
7
What is the units digit of (1078/(-21))/((-4)/744)?
8
Suppose -28*s = -25*s - 3117. Suppose -61 = -30*f - 31. What is the units digit of 6/(-12)*(s - f)/(-3)?
3
Let b(h) = 8*h + 216. Let v(u) = -u - 24. Let y(m) = -3*b(m) - 28*v(m). Let a be y(-7). What is the units digit of -2 + (0 - a) + 64?
6
Let c(x) = 5*x**3 + 2*x + 14. Let a(h) = 5*h + 129. Let r be a(-25). What is the tens digit of c(r)?
4
What is the thousands digit of 378/28*(347 - 1 - 0)?
4
Let o(l) = -1042*l - 386. What is the tens digit of o(-6)?
6
Suppose 4*c + c + 4701 = s, -s = -c - 4689. What is the units digit of s?
6
Suppose -40 = -2*x + 84. Let l = 17 - x. What is the units digit of (-280)/(-6) + l/27?
5
Suppose -15040 = -5*v + 5*w, -48*w + 51*w + 3010 = v. What is the thousands digit of v?
3
Suppose -898 = -26*w - 118. What is the units digit of (w/(-6))/((-6)/354)?
5
Let j be -7 - (3/1 + 1774). What is the tens digit of (3/(-4))/(2*1/j)?
6
Let k(j) = -j**3 - 11*j**2 + j + 14. Let b be k(-11). Let x(y) = -107*y + 6. Let l be x(b). What is the hundreds digit of 1517/15 + 42/l?
1
Let c be -9 - 6435/((-6)/2). Let s = c - 712. What is the hundreds digit of s?
4
Let f = 978 + -576. Let y = f + -261. Suppose -y = -2*h - 1. What is the units digit of h?
0
Let k(s) = s**3 + 8*s**2 + 42*s - 51. What is the tens digit of k(17)?
8
Suppose 4*s - y = 14, 0*y + y = s - 5. Suppose -126 - 204 = -s*p - 4*w, -2*p - w = -215. What is the tens digit of p?
0
Suppose -1530 - 1215 = -9*u. Suppose -a + 2*a = v - u, -v + 3*a = -303. What is the hundreds digit of v?
3
Let z be (3 - -1 - 1) + 1. Suppose -2*s = i - 4*s + 236, 0 = -z*i - 5*s - 983. Let m = i + 354. What is the units digit of m?
2
Suppose 3*z - 2176 = 1573*d - 1575*d, 5509 = 5*d - 4*z. What is the tens digit of d?
9
Suppose 15 = -2*f + 5*j, 5*j = -5*f + j + 45. Suppose 3*u - f*c - 157 = -10*c, -5*u + 235 = -5*c. What is the tens digit of u?
4
Let s = -3764 + 12954. Suppose 0 = -19*l + s + 7549. What is the tens digit of l?
8
Let t(z) = -2*z**3 - 86*z**2 - 27*z - 2. What is the units digit of t(-52)?
4
Suppose 0*l - k = 5*l - 12045, -5*l + 12020 = -4*k. Suppose -5*d + l = 2*x, 5*d + 0*d = 3*x + 2413. What is the tens digit of d?
8
What is the hundreds digit of 3544 + (-11 - 210/(-10))?
5
Let l = -352 - -367. Suppose 10384 = -l*j + 26*j. What is the units digit of j?
4
Let u be (2/7 - 87/84)*-1464. Suppose 2*h - 253 = -4*j + 1209, 3*j = -h + u. What is the hundreds digit of j?
3
Suppose -3*s = 17*k - 14*k - 42, 10 = 2*s. Suppose 8029 = k*t - 4391. What is the units digit of t?
0
Let c be 24/5*20/(-6). Let w(h) = h**2 + 12*h + 2. What is the tens digit of w(c)?
6
Let q(c) = c**3 + 68*c**2 + 82*c + 1079. What is the thousands digit of q(-45)?
3
Suppose -3*z + 23 = -5*k + 8, 0 = -2*k + 2*z - 10. Let p be k + 192 + 21/(3 + 4). Suppose -2*g + p = 5. What is the tens digit of g?
9
Let y = 13867 + -8569. What is the units digit of y?
8
Suppose -3*y + 4*v + 15214 + 7863 = 0, 4 = -4*v. What is the tens digit of y?
9
What is the ten thousands digit of 183*20/(-75)*-260?
1
Let j be (-1 - 1*9)*(9 + -31). Let g = j + -121. What is the units digit of g?
9
Let j = -850 - -1741. Suppose -6*g + 75 = -j. Let k = g + 9. What is the units digit of k?
0
Suppose 69*c - 67*c = -5*v + 102046, -v + 204128 = 4*c. What is the units digit of c?
3
Suppose -5*y = -2*x - 159039, 0 = 4*x + 90 - 102. What is the units digit of y?
9
Let u = -1637 + 1867. What is the tens digit of u?
3
Suppose -11*m = 34*m - 239490. What is the tens digit of m?
2
Let z(d) = 74*d - 115. Let h(v) = 3*v + 2. Let g(q) = -h(q) + z(q). What is the hundreds digit of g(8)?
4
Let i(d) = 2*d**2 + 14*d - 9. Suppose -2*y - 4*q = 14, 3*y + 4*q + 43 - 18 = 0. Let g be i(y). Let r = -7 + g. What is the tens digit of r?
7
Let v(r) = 7*r + 5. Let a(l) = 1 - 5*l - 4*l**3 + 3*l**3 + 4 - 6*l**2. Let n be a(-5). What is the tens digit of v(n)?
4
What is the units digit of 110*7/70 + 36389 + -2?
8
What is the ten thousands digit of 3531*(-143)/(-99)*3?
1
Let i(z) = -3464*z - 894. What is the thousands digit of i(-4)?
2
Let b = -15010 + 52006. What is the units digit of b?
6
Suppose 4*g + 5*s = 4603, -3*s = -2*g - 4*s + 2309. Let w = -372 + g. Suppose 4*d + w = 5*u, 2*u + 5*d - 286 = d. What is the units digit of u?
3
What is the thousands digit of 12 + (-3)/(39/(-20306))?
1
Suppose 0 = -11*l - 945 + 3849. What is the units digit of l + (-6)/1 + 6?
4
Suppose -4*q - w + 44 = 3*w, 2*q = 3*w + 47. Suppose -12 = 2*c + 3*c + 3*z, -5*c + 4*z = -q. Suppose c = -5*o + o + 332. What is the units digit of o?
3
Let j = -4092 + 7272. What is the tens digit of j?
8
Let x be -3*-8*(-11)/(-6). Let m be (-4)/(-5) - x/5. What is the tens digit of -35*(m/(-20) - 1)?
2
Suppose 0 = -8*q + 5*q - 246. Let v = 84 + q. Suppose -v*y - 10*y + 648 = 0. What is the tens digit of y?
5
Suppose -16 + 20 = w. Suppose 3*u = 5*o - 13, 2*u + o + 9 = w*o. What is the units digit of 10031/63 - u/(-27)?
9
Let u(h) = 34*h - 1. Let y be u(1). Let z = 106 - 99. Suppose z*o - 6*o - y = 0. What is the units digit of o?
3
Suppose 36 - 46 = r. What is the tens digit of 92 - (r/12)/(-5)*6?
9
What is the tens digit of ((-1419)/(-86))/(3 + (-31326)/10444)?
2
Suppose -7*b + 8*b = 9*k - 320746, 3*b = k - 35624. What is the thousands digit of k?
5
Let a(u) = 2311*u - 14419. What is the tens digit of a(9)?
8
Suppose -5*g + p = 383, 5*p - 2*p = -3*g - 219. Let c = g - -64. What is the tens digit of ((-115)/(-20))/((-3)/c)?
2
Suppose 3*w + h = -11, w = 5*w - 2*h + 28. Let l be (w + 1)/((-2)/5). What is the tens digit of ((-6)/(l - 4))/((-2)/190)?
9
Suppose 20*i = 360394 + 645868 - 148842. What is the hundreds digit of i?
8
What is the tens digit of -1*(681*1/(-4))/(59/10148)?
8
Suppose -157630 = -5*u + 2*z - 40169, -u + 2*z = -23505. What is the thousands digit of u?
3
Suppose -7*g = 14200 + 941. Let o = -1251 - g. What is the tens digit of o?
1
Let f(h) = 3*h**3 - h**2 - 3*h + 2. Let l(j) = 11*j**3 + 2*j - 1. Let b be l(1). Suppose b = 4*p - 0. What is the tens digit of f(p)?
6
Let g be (625/1)/(19/2717). What is the tens digit of g/99 + 2/9?
0
Let h = 909 - 520. Let g be (-86 - -87)*(0 - 0). Suppose 7*x - h + 74 = g. What is the tens digit of x?
4
Let i = -31 - -4. Let f = 27 + i. Suppose -41*n + 46*n - 35 = f. What is the units digit of n?
7
Let u = 4711 - -28003. What is the tens digit of u?
1
Suppose 14415 = 5*g + 3*t, g - 1417 = 2*t + 1479. What is the thousands digit of g?
2
What is the units digit of (1903 - 1)*456/304?
3
Let y = -1346 + 2669. What is the tens digit of y?
2
What is the tens digit of (196/(-8)*-11)/(84/840)?
9
Let t = 241 - 239. Suppose 5*c = -3*g + 879, 0 = t*g + 2*g + 8. What is the hundreds digit of c?
1
Suppose -4*c + 4*k = -588, 2*c + k = -0*k + 288. Suppose 0 = 2*u + a + 139, -2*u - 3*a - c = -4*a. Let r = -16 - u. What is the tens digit of r?
5
Suppose 62*s + 106178 = 1070154 + 195300. What is the units digit of s?
8
Let t be ((-218682)/42)/3 + (-3)/7. Let u = t + 2755. What is the thousands digit of u?
1
Suppose 23*l = 60*l - 27602. Suppose 0 = -5*i + 5*r + 4445, -r - 3715 - l = -5*i. What is the tens digit of i?
9
What is the ten thousands digit of (138/42)/(13/47411)?
1
Suppose -p + 13*p = -1716. Let b = p + 722. What is the tens digit of b?
7
Let x = 21 + -39. Let m = -16 - x. Suppose 5*j = -4*q + 446, -4*j - m*q = q - 357. What is the units digit of j?
0
Suppose -9 + 1 = -r - 3*u, 5*r = -4*u + 29. Suppose 0 = r*x + 5, -9*x - 172 = -g - 11*x. Let b = g + -89. What is the units digit of b?
5
Let m(i) = 3*i**2 + 2*i + 1. Let b be m(-1). Suppose -b*v + 14 = -0*v. Let l(q) = 18*q + 37. What is the units digit of l(v)?
3
Let l(o) = -2*o**2 + 9*o - 13. Let f be l(6). Let m = f - -25. What is the tens digit of (3 + (-74)/m)*3?
4
What is the units digit of 17434/42 - 43/(31605/70)?
5
Suppose 0 = -73*h + 60*h + 61022. What is the hundreds digit of